{"id":23995,"date":"2025-05-26T17:08:29","date_gmt":"2025-05-26T15:08:29","guid":{"rendered":"https:\/\/dev.joaquinschmidt.com\/?post_type=huella&#038;p=23995"},"modified":"2025-05-26T17:08:29","modified_gmt":"2025-05-26T15:08:29","slug":"las-lagrimas-de-emocion-de-la-gastronomia-valenciana","status":"publish","type":"huella","link":"https:\/\/www.joaquinschmidt.com\/en\/huella\/las-lagrimas-de-emocion-de-la-gastronomia-valenciana\/","title":{"rendered":"Las l\u00e1grimas de emoci\u00f3n de la gastronom\u00eda valenciana"},"content":{"rendered":"<p><a href=\"https:\/\/www.lasprovincias.es\/gastronomia\/lagrimas-emocion-gastronomia-valenciana-20240614003939-nt.html\" target=\"_blank\" rel=\"noopener\">[ver m\u00e1s]<\/a><\/p>\n","protected":false},"excerpt":{"rendered":"<p>[ver m\u00e1s]<\/p>\n","protected":false},"featured_media":0,"template":"","meta":[],"tipo":[],"class_list":["post-23995","huella","type-huella","status-publish","hentry"],"aioseo_notices":[],"_links":{"self":[{"href":"https:\/\/www.joaquinschmidt.com\/en\/wp-json\/wp\/v2\/huella\/23995","targetHints":{"allow":["GET"]}}],"collection":[{"href":"https:\/\/www.joaquinschmidt.com\/en\/wp-json\/wp\/v2\/huella"}],"about":[{"href":"https:\/\/www.joaquinschmidt.com\/en\/wp-json\/wp\/v2\/types\/huella"}],"wp:attachment":[{"href":"https:\/\/www.joaquinschmidt.com\/en\/wp-json\/wp\/v2\/media?parent=23995"}],"wp:term":[{"taxonomy":"tipo","embeddable":true,"href":"https:\/\/www.joaquinschmidt.com\/en\/wp-json\/wp\/v2\/tipo?post=23995"}],"curies":[{"name":"wp","href":"https:\/\/api.w.org\/{rel}","templated":true}]}}

Las lágrimas de emoción de la gastronomía valenciana

<p><a href="https://www.lasprovincias.es/gastronomia/lagrimas-emocion-gastronomia-valenciana-20240614003939-nt.html" target="_blank" rel="noopener">[ver más]</a></p>

<p>[ver más]</p>
